base 15) to base 13.
-168
33 (base 5) to base 4
102
What is -105 (base 9) in base 12?
-72
What is 1 (base 15) in base 7?
1
0 (base 12) to base 13
0
Convert 111010 (base 2) to base 3.
2011
Convert -3 (base 6) to base 15.
-3
23 (base 5) to base 4
31
-4 (base 6) to base 11
-4
What is 126 (base 7) in base 4?
1011
What is 0 (base 14) in base 16?
0
Convert -b (base 15) to base 4.
-23
What is -112 (base 6) in base 16?
-2c
-13 (base 8) to base 11
-10
Convert -1101110 (base 2) to base 7.
-215
What is -10 (base 2) in base 14?
-2
-12 (base 13) to base 3
-120
Convert -200 (base 7) to base 8.
-142
0 (base 3) to base 9
0
Convert 5 (base 14) to base 8.
5
7 (base 13) to base 10
7
12 (base 6) to base 11
8
Convert -31 (base 6) to base 16.
-13
-15 (base 7) to base 6
-20
What is -8 (base 14) in base 5?
-13
-111101 (base 2) to base 5
-221
Convert 3 (base 5) to base 16.
3
-1103 (base 6) to base 8
-377
Convert 34 (base 12) to base 15.
2a
Convert 101101 (base 2) to base 7.
63
Convert -3 (base 9) to base 13.
-3
Convert 4 (base 16) to base 14.
4
1 (base 15) to base 8
1
9 (base 11) to base 10
9
Convert -3 (base 11) to base 10.
-3
1000 (base 2) to base 3
22
What is 12 (base 10) in base 8?
14
What is 19 (base 13) in base 5?
42
What is -1 (base 4) in base 3?
-1
-135 (base 6) to base 16
-3b
Convert -78 (base 16) to base 2.
-1111000
Convert 1101 (base 2) to base 15.
d
Convert -2 (base 14) to base 5.
-2
What is -3 (base 9) in base 14?
-3
26 (base 12) to base 14
22
What is 12 (base 3) in base 2?
101
-23 (base 4) to base 6
-15
What is 0 (base 7) in base 14?
0
-7 (base 8) to base 14
-7
-211 (base 3) to base 2
-10110
Convert 253 (base 13) to base 12.
29a
What is 0 (base 7) in base 2?
0
What is -1e (base 16) in base 6?
-50
What is -4 (base 13) in base 9?
-4
What is -9 (base 14) in base 15?
-9
Convert -2 (base 13) to base 12.
-2
Convert 223 (base 6) to base 12.
73
Convert -158 (base 12) to base 13.
-134
21 (base 4) to base 16
9
Convert 17 (base 16) to base 9.
25
What is -173 (base 8) in base 10?
-123
What is 55 (base 8) in base 3?
1200
What is -3 (base 10) in base 14?
-3
Convert -221 (base 3) to base 15.
-1a
What is -1100110 (base 2) in base 8?
-146
What is -3a (base 15) in base 13?
-43
130 (base 8) to base 12
74
Convert 201 (base 13) to base 14.
1a3
10010 (base 2) to base 3
200
What is -4 (base 6) in base 2?
-100
What is 6 (base 12) in base 6?
10
62 (base 15) to base 4
1130
Convert 10 (base 3) to base 8.
3
110 (base 2) to base 10
6
-1210 (base 5) to base 13
-10b
What is 174 (base 11) in base 5?
1302
What is 4 (base 7) in base 4?
10
5 (base 16) to base 11
5
-1 (base 14) to base 7
-1
What is -18 (base 15) in base 7?
-32
Convert -30 (base 6) to base 13.
-15
What is -8 (base 11) in base 14?
-8
Convert -3 (base 4) to base 8.
-3
-21 (base 4) to base 16
-9
What is 2 (base 4) in base 15?
2
-2 (base 15) to base 7
-2
Convert 3 (base 7) to base 10.
3
What is 12e (base 15) in base 9?
328
What is -42 (base 9) in base 2?
-100110
-86 (base 9) to base 6
-210
What is 63 (base 10) in base 16?
3f
-1 (base 2) to base 3
-1
34 (base 6) to base 14
18
Convert 0 (base 16) to base 13.
0
Convert 4 (base 6) to base 8.
4
Convert -8 (base 13) to base 3.
-22
3 (base 13) to base 16
3
-103 (base 5) to base 14
-20
What is 2011 (base 4) in base 2?
10000101
Convert 5 (base 12) to base 8.
5
14 (base 7) to base 12
b
-30 (base 11) to base 16
-21
Convert -1 (base 14) to base 3.
-1
40 (base 11) to base 6
112
What is -42 (base 7) in base 16?
-1e
-3 (base 6) to base 9
-3
What is 4c (base 15) in base 6?
200
Convert -31 (base 16) to base 13.
-3a
Convert -111 (base 5) to base 13.
-25
Convert -203 (base 4) to base 9.
-38
What is 0 (base 11) in base 3?
0
What is 61 (base 12) in base 4?
1021
What is 192 (base 10) in base 4?
3000
What is -3 (base 9) in base 4?
-3
35 (base 11) to base 6
102
Convert -2 (base 11) to base 8.
-2
Convert -b (base 12) to base 6.
-15
101101 (base 2) to base 4
231
16 (base 15) to base 5
41
c9 (base 14) to base 10
177
What is -20 (base 13) in base 10?
-26
What is -2 (base 3) in base 12?
-2
Convert -35 (base 6) to base 16.
-17
40 (base 6) to base 10
24
1000001 (base 2) to base 15
45
-10 (base 10) to base 6
-14
What is 2 (base 7) in base 13?
2
73 (base 8) to base 4
323
What is -102 (base 3) in base 14?
-b
-23 (base 8) to base 6
-31
Convert -a8 (base 11) to base 8.
-166
Convert -1 (base 3) to base 14.
-1
Convert -10 (base 10) to base 8.
-12
What is -34 (base 9) in base 5?
-111
-2221 (base 3) to base 11
-72
110 (base 4) to base 9
22
-1 (base 12) to base 2
-1
9 (base 13) to base 6
13
Convert -11 (base 5) to base 2.
-110
-3 (base 9) to base 10
-3
Convert 101 (base 2) to base 8.
5
Convert -11 (base 2) to base 16.
-3
What is 2 (base 12) in base 4?
2
Convert 12 (base 16) to base 2.
10010
Convert 1 (base 2) to base 14.
1
What is -6 (base 8) in base 2?
-110
Convert 152 (base 8) to base 7.
211
-3c (base 15) to base 9
-63
What is 2 (base 14) in base 6?
2
4 (base 13) to base 14
4
Convert 162 (base 7) to base 6.
233
-93 (base 10) to base 5
-333
-2 (base 3) to base 15
-2
Convert 34 (base 15) to base 9.
54
What is 67 (base 13) in base 5?
320
-2 (base 7) to base 8
-2
101020 (base 3) to base 2
100010100
-33 (base 10) to base 2
-100001
2b (base 12) to base 8
43
Convert 53 (base 10) to base 14.
3b
What is 40 (base 8) in base 6?
52
-2233 (base 4) to base 6
-451
Convert -5 (base 9) to base 12.
-5
7 (base 11) to base 3
21
Convert -25 (base 8) to base 15.
-16
Convert -94 (base 14) to base 8.
-202
Convert -2 (base 3) to base 7.
-2
17 (base 13) to base 12
18
Convert 1 (base 16) to base 2.
1
b (base 12) to base 14
b
Convert -1001 (base 2) to base 12.
-9
What is -100 (base 2) in base 13?
-4
-12 (base 5) to base 15
-7
Convert 81 (base 9) to base 4.
1021
What is -5 (base 15) in base 2?
-101
What is -15 (base 13) in base 11?
-17
What is -3 (base 16) in base 6?
-3
-31 (base 7) to base 13
-19
Convert -3 (base 15) to base 13.
-3
3 (base 12) to base 15
3
10 (base 13) to base 10
13
411 (base 7) to base 4
3030
Convert 1 (base 12) to base 6.
1
What is ab (base 15) in base 8?
241
What is -3d (base 15) in base 4?
-322
-112 (base 4) to base 3
-211
What is 35 (base 12) in base 2?
101001
What is 7 (base 15) in base 14?
7
22 (base 4) to base 15
a
What is 2 (base 12) in base 4?
2
Convert -1 (base 8) to base 9.
-1
What is 0 (base 6) in base 15?
0
What is 88 (base 14) in base 7?
231
Convert 46 (base 15) to base 4.
1002
Convert 3 (base 4) to base 8.
3
What is -7 (base 9) in base 13?
-7
-23 (base 5) to base 13
-10
13 (base 15) to base 12
16
Convert 55 (base 6) to base 7.
50
What is -3 (base 14) in base 4?
-3
Convert 50 (base 15) to base 11.
69
What is 3 (base 11) in base 16?
3
What is 17 (base 11) in base 13?
15
Convert -19 (base 16) to base 14.
-1b
What is -3 (base 6) in base 7?
-3
Convert 48 (base 13) to base 9.
66
What is -10 (base 14) in base 6?
-22
What is 1 (base 2) in base 15?
1
Convert 18 (base 16) to base 2.
11000
-3 (base 9) to base 2
-11
What is -39 (base 16) in base 5?
-212
What is -52 (base 7) in base 11?
-34
What is -3 (base 10) in base 8?
-3
-22 (base 4) to base 14
-a
What is 25 (base 7) in base 3?
201
-3 (base 10) to base 2
-11
What is 2 (base 11) in base 8?
2
What is 3 (base 10) in base 4?
3
-131 (base 13) to base 2
-11010001
What is 5 (base 7) in base 12?
5
What is 101 (base 2) in base 12?
5
What is 2 (base 5) in base 16?
2
What is -3 (base 6) in base 13?
-3
What is -23 (base 7) in base 6?
-25
What is -7 (base 15) in base 11?
-7
Convert 1a (base 14) to base 13.
1b
What is 10 (base 12) in base 10?
12
14 (base 6) to base 12
a
Convert -142 (base 6) to base 8.
-76
What is -10 (base 3) in base 15?
-3
Convert -7 (base 10) to base 14.
-7
3 (base 4) to base 12
3
64 (base 7) to base 12
3a
What is -1 (base 6) in base 4?
-1
-a (base 16) to base 2
-1010
Convert -1230 (base 4) to base 2.
-1101100
What is 40 (base 12) in base 4?
300
120 (base 4) to base 10
24
Convert -13 (base 16) to base 13.
-16
Convert 15 (base 7) to base 6.
20
Convert 222 (base 5) to base 13.
4a
25 (base 11) to base 8
33
-12 (base 4) to base 8
-6
Convert -5 (base 12) to base 13.
-5
What is -24 (base 10) in base 2?
-11000
0 (base 11) to base 4
0
-1 (base 8) to base 7
-1
Convert a8 (base 14) to base 6.
404
Convert -3 (base 13) to base 7.
-3
Convert -122 (base 3) to base 9.
-18
-